 15. Give j(i).
5
Let i(j) = 7*j**2 + 104*j - 15. Let d be i(-15). Let f(x) = x**2 - 3*x - 12. Determine f(d).
-12
Let i(t) = 2*t**2 + 6*t - 6. Let l = 55 - 57. Let o be ((-15)/12)/(l/(-8)). Determine i(o).
14
Let x(b) = b**2 - 8 - b - 3*b + 0*b + 2*b. Give x(7).
27
Suppose 0 = -t + 7*t - 36. Let b(p) = 40*p**3 - 5*p + 18*p**2 - p - 41*p**3 - 11*p**2. What is b(t)?
0
Let r(x) = x**2 + 4*x + 5. Let p be 2 - (2 + 4/1). Calculate r(p).
5
Let a be (3 - 1)*10/4. Let n(p) = -3*p**3 - 8*p**2 - p - 9. Let v(l) = 2*l**3 + 7*l**2 + 2*l + 8. Let m = 77 - 74. Let w(s) = m*n(s) + 4*v(s). Give w(a).
5
Let k(c) = -c + 3. Let y(m) = -221 + 3*m**2 + 221. Let h be y(-1). Calculate k(h).
0
Let g(p) = 4*p**2 - 2*p + 2. Let a = 2391 + -2390. Calculate g(a).
4
Let x(y) = y**2 - y + 4. Let v be x(0). Let w(h) = 3*h**2 - 21*h - 6. Let q(o) = 8*o**2 - 57*o - 18. Let i(f) = 4*q(f) - 11*w(f). What is i(v)?
-10
Suppose 6*f + 36 = -3*n + 3*f, 0 = -5*f + 20. Let l = n - -20. Let z(o) = 0*o**3 + l*o**3 - 48*o + 47*o. Give z(1).
3
Let a(n) be the third derivative of n**7/2520 - n**6/144 - n**5/60 - 11*n**4/24 - 22*n**2. Let d(q) be the second derivative of a(q). What is d(4)?
-6
Let j(s) = s**3 - 6*s**2 - 10*s + 5. Let p = -287 - -294. What is j(p)?
-16
Let r(l) be the second derivative of -l**4/4 + l**3/3 - l**2/2 + l - 22. Determine r(-2).
-17
Let p(d) = -9*d**2 + 6*d + 3. Let s(v) = -5*v**2 + 3*v + 1. Let a(t) = -3*p(t) + 5*s(t). Suppose -470 = -2*i - 464. Calculate a(i).
5
Let z(p) = 2*p + 17 + 26 - 14. Calculate z(-11).
7
Let o(d) be the third derivative of -7/24*d**4 + 1/3*d**3 + 1/20*d**5 + 0 + 1/120*d**6 + 37*d**2 + 0*d. Determine o(-5).
-13
Let x(h) = -6*h**2 + 11*h + 17. Let c(l) = -l**2 + 2*l + 3. Let m(b) = 11*c(b) - 2*x(b). Determine m(1).
0
Let i be 8/(-60) - 248/(-60). Let h be i/(-2 + 9/3). Let j(o) = o**3 - 4*o**2 - o + 2. Calculate j(h).
-2
Let i(j) = -2*j**3 - 2*j**2 - j - 2. Let u(c) = 4*c + 28. Let l(o) = -o - 1. Let g(k) = 6*l(k) + u(k). Let t be g(12). Determine i(t).
8
Let p(y) = -y**2 - 10. Let x(b) be the second derivative of b**2/2 - 32*b. Let n(c) = -p(c) + 6*x(c). Calculate n(0).
16
Let d(x) = -2*x - 4. Suppose -4*g - 154 = -38. Let k = g + 32. Calculate d(k).
-10
Let j(s) be the second derivative of s**2 - 1/6*s**3 + 18*s + 0. Determine j(-2).
4
Let z be ((-24)/60)/(2 - (-156)/(-75)). Let j(i) = -i**2 + 6*i - 2. What is j(z)?
3
Let v(f) be the first derivative of -f**4/4 + 5*f**3/3 + 4*f**2 - 5*f + 16. What is v(6)?
7
Let w(t) = -6*t - 1 + 4*t + t + 5*t + t + 2*t**2. Let g(p) = p**3 - 2*p**2 - 2*p. Let v be g(2). Calculate w(v).
11
Let y = 519 + -1035/2. Let a(c) be the first derivative of 4 + y*c**2 - 1/4*c**4 + 0*c**3 + 0*c. Calculate a(3).
-18
Let m(d) = -2*d**2 - 19*d - 6. Let j(s) = s**2 + 3*s. Let o(h) = 3*j(h) + m(h). Give o(6).
-30
Let v(q) = q**2 - 14*q + 2. Let s be v(14). Let k(y) = -s*y + 3 - y - y + 5*y. Determine k(3).
6
Let n(j) = -8*j - 2. Let u(c) = -4*c - 12. Let f(o) = -n(o) - u(o). Give f(-6).
-58
Let v = -133 - -130. Let r(s) = -2 + 0*s - 2 - 3*s. Give r(v).
5
Suppose -h + 9 = -3*c + h, 0 = -2*h. Let y = c + 5. Let u(o) = -5*o + 3 + 3*o + y*o**2 - 3*o**2. Determine u(-3).
0
Let k = 6263 + -6269. Let o(j) = 7*j + 8*j**2 + 3*j - 4 + j**3 + 13. Calculate o(k).
21
Let w(r) = -5*r**2 + 18. Let q(a) = 4*a**2 + a - 18. Let b(c) = 4*q(c) + 3*w(c). Let y(u) be the first derivative of b(u). Calculate y(-3).
-2
Let s = 88 - 86. Let a(p) = -s + 2*p - 127*p**2 + 66*p**2 + 60*p**2. Give a(2).
-2
Suppose -2*g + 7 + 1 = 0. Let v(m) = 0*m + m + g*m. Suppose -17*y - 11 = -6*y. Give v(y).
-5
Let u(k) be the third derivative of -k**6/120 + k**5/15 - k**4/8 + 2*k**2 - 45*k. Let x(g) = g**2 - 1. Let h be x(2). Give u(h).
0
Let u(j) = -j**2 - 1. Let h(l) = l**2 - 3*l + 4. Let k(b) = -h(b) - 2*u(b). Let y(x) = x**3 - 24*x**2 + 44*x - 3. Let p be y(22). Give k(p).
-2
Let x(b) be the second derivative of b**7/1260 + b**6/240 + 5*b**4/12 - 17*b. Let d(h) be the third derivative of x(h). Calculate d(-2).
2
Let p(x) = 3*x**2 - 6*x + 10. Let l(g) be the first derivative of 5*g**3/3 - 9*g**2/2 + 15*g + 1. Let q(h) = -5*l(h) + 8*p(h). What is q(-4)?
1
Let n(j) = j - 1. Let y be n(3). Let o(q) = q - y*q + 0*q + 0*q. Let x(s) = -2*s**2 + 9*s + 1. Let w(z) = -5*o(z) - x(z). What is w(3)?
5
Suppose -20 = -5*k + 10. Let p(v) be the first derivative of -v**2/2 - 2*v + 63. Calculate p(k).
-8
Let c(a) = -a + 1. Let h(g) be the third derivative of -g**4/24 + g**3/6 - 4*g**2. Let s(y) = -3*c(y) + h(y). Determine s(2).
2
Let w(p) = -26*p + 3. Let a(j) = -4*j + 1. Let u(b) = -7*a(b) + w(b). Give u(-8).
-20
Let x(n) = n + n**3 + 46 + 45 + 11*n**2 - 82. Calculate x(-11).
-2
Let g(n) be the first derivative of -2 + 4*n + 1/3*n**3 - 3*n**2. Give g(6).
4
Let p(g) = 3*g**3 + 4*g**2 - 14*g + 1. Let f(y) = y**2 - 2*y. Let i(n) = 6*f(n) - p(n). Suppose t - 6 = -s, 3*s + 4*t = s + 20. Calculate i(s).
-13
Let g(r) = 4*r**2 + 48*r - 4. Let u be g(-12). Let s(k) = k**2 + k - 1. What is s(u)?
11
Suppose 91*o - 424 = 38*o. Let s(p) = 4*p - 27. Give s(o).
5
Let i(p) = -p**2 + 0 + 2 + 4*p**2 - 3. What is i(-1)?
2
Let h(t) be the second derivative of 1/60*t**5 - 5/6*t**3 - 2*t**2 - 1/8*t**4 + t + 0. Let j(p) be the first derivative of h(p). Calculate j(4).
-1
Let r = -1296 - -1303. Let p(z) = 2*z + 0*z**3 - 8 + 2*z**3 + 3*z**3 - 6*z**3 + 7*z**2. What is p(r)?
6
Let o(d) = 2*d**2 - 38*d - 46. Let p be o(20). Let h be -2*1 - (-3 + -4). Let i(m) = 5*m + 4*m**3 - 3*m**3 - h - 4*m**2 + 11*m**2. Calculate i(p).
1
Let b = -162 - -163. Let m(j) be the first derivative of 0*j**2 - j - 5/3*j**3 - b. Calculate m(1).
-6
Let r(s) = -s**3 - 6*s**2 + 7*s + 5. Let q(n) = n + 5. Let i be q(-3). Suppose -5 - i = a. Calculate r(a).
5
Let k(q) be the third derivative of q**4/24 + q**3/3 - 143*q**2. Calculate k(7).
9
Let n(v) = -4*v - 7. Let j(x) be the first derivative of -x**2/2 - 12*x + 6. Let u be j(6). Let a = u + 12. Calculate n(a).
17
Let p(w) = -10*w**2 + w + 1. Let y = -37 + 38. Give p(y).
-8
Suppose 4*t = -5*y + 25, 2*t - 21 = 4*y - 3*t. Let o(c) = -87*c - 5*c**3 + 2*c**2 + y + 177*c - 92*c. Let h(q) = q**2 - 7*q + 7. Let a be h(6). Give o(a).
-4
Let f(m) = -3*m**3 - 2*m**2 + 1. Let w = -27 - -48. Let r = w + -22. Determine f(r).
2
Suppose -17 - 74 = 13*b. Let k(w) = w - 2. Let s(z) = 2*z - 1. Let j(d) = 3*k(d) - 2*s(d). Determine j(b).
3
Let u = 42 - 41. Let j(f) = 3*f - 2*f - u - 4*f + 5*f. Let a be (-2)/7 + 23/7. Calculate j(a).
5
Let u(d) = 12*d**2 + 2*d + 1. Let b = 79 + -70. Suppose -b = 9*l - 0. Give u(l).
11
Let j(g) be the third derivative of g**3 - 1/60*g**5 + 0 + 0*g - 1/12*g**4 + 6*g**2. What is j(-6)?
-18
Suppose 91*x = 153*x - 186. Let c(g) = -7*g + 6. Let q(v) = -v + 1. Let z(l) = c(l) - 2*q(l). Calculate z(x).
-11
Let g be (60/150)/(1/(-5)). Let a(i) = -i**3 - 4*i - 3. Determine a(g).
13
Let a(k) = -k**2 + 37*k + 21. Let s(w) = 7*w**2 - 31*w - 14. Let m(z) = -z**2 + z. Let o(c) = -6*m(c) - s(c). Let r(t) = -5*a(t) + 7*o(t). Give r(-6).
-19
Let x(m) be the third derivative of -m**4/6 - m**3/6 + 22*m**2. Suppose 0*l + l = 2*b + 2, -4*l - 16 = 4*b. Calculate x(b).
7
Let q(m) = -m**3 - m + 1. Let g(f) = -2*f**3 - 2*f**2 - 10*f + 9. Let c(l) = g(l) - 3*q(l). Calculate c(4).
10
Let o(i) = 8*i - 25 + 7*i + 19 - i**3 + 12*i**2 - 23. Give o(13).
-3
Let h be ((-7)/3)/(22/(-66)). Suppose 5*n = -15, 3*u = 4*n - h - 2. Let i(p) = 4*p + p - 8 + p**2 + p. Determine i(u).
-1
Let m(s) be the first derivative of s**4/12 + s**3/2 + 2*s**2 + 2*s - 18. Let i(q) be the first derivative of m(q). Let n = 4 + -8. Determine i(n).
8
Let t be -3 - (3/(-2) + (-11)/(-2)). Let b(s) = s**2 + 7*s. Determine b(t).
0
Let m(a) = -a**3 + 16*a**2 - 13*a - 16. Let v be m(15). Let j(r) = 10*r**2 + 1 + 2*r - v*r**2 + 5*r**2. Determine j(-3).
4
Suppose -5*t - 2*w = -13, 5*t - 3*t - 2 = -4*w. Let k(b) = -4*b**2 + 6*b**2 - t*b**2 - 5*b + 2*b**2 - 2. Calculate k(5).
-2
Let d(b) = b**3 - 10*b**2 - 12*b - 1. Let h be -5 + (-1 - 0)*-17 + -1. Give d(h).
-12
Let n = -5 + 8. Suppose -n + 6 = 3*u. Let z(k) = -6*k - 1 + 6 - 3 - u. Calculate z(1).
-5
Let j(f) = 3*f + 5. Let o(i) = 6*i - 2. Let q(k) = -j(k) - 3*o(k). What is q(1)?
-20
Let i(d) = -203 - 200 + 2*d**2 - 199 + 0*d**2 + 601 - 15*d**3. Calculate i(-1).
16
Let k(n) = 5*